{"id":32164,"date":"2023-07-08T11:15:24","date_gmt":"2023-07-08T09:15:24","guid":{"rendered":"https:\/\/www.infosourds.be\/?post_type=mp-event&#038;p=32164"},"modified":"2023-07-18T15:12:54","modified_gmt":"2023-07-18T13:12:54","slug":"openbaar-vertegenwoordiger","status":"publish","type":"mp-event","link":"https:\/\/www.infosourds.be\/nl\/timetable\/event\/permanences-decrivain-public","title":{"rendered":"Schrijverskantoren"},"content":{"rendered":"","protected":false},"excerpt":{"rendered":"","protected":false},"author":10,"featured_media":0,"menu_order":0,"comment_status":"open","ping_status":"closed","template":"","mp-event_category":[],"mp-event_tag":[],"class_list":["post-32164","mp-event","type-mp-event","status-publish","hentry","mp-event-item"],"yoast_head":"<!-- This site is optimized with the Yoast SEO plugin v27.4 - https:\/\/yoast.com\/product\/yoast-seo-wordpress\/ -->\n<title>Permanences d\u2019\u00e9crivain public - Info-Sourds de Bruxelles<\/title>\n<meta name=\"description\" content=\"Ce service d\u2019\u00e9crivain public fonctionne selon des permanences, ce qui explique qu\u2019aucun num\u00e9ro de t\u00e9l\u00e9phone ou adresse email ne lui soit attribu\u00e9. Les permanences d\u2019\u00e9crivain public se feront SANS rendez-vous (et uniquement en pr\u00e9sentiel) \u00e0 raison de deux demi-journ\u00e9es par semaine. Elles auront lieu tous les mercredis matin ; de 9h \u00e0 12h et jeudis apr\u00e8s-midi de 13h30 \u00e0 16h. Dans un souci de r\u00e9pondre au plus grand nombre de demandes possibles, les entretiens seront limit\u00e9s \u00e0 30-45 minutes par personne.\" \/>\n<meta name=\"robots\" content=\"index, follow, max-snippet:-1, max-image-preview:large, max-video-preview:-1\" \/>\n<link rel=\"canonical\" href=\"https:\/\/www.infosourds.be\/nl\/dienstregeling\/evenement\/openbaar-vertegenwoordiger\" \/>\n<meta property=\"og:locale\" content=\"nl_BE\" \/>\n<meta property=\"og:type\" content=\"article\" \/>\n<meta property=\"og:title\" content=\"Permanences d\u2019\u00e9crivain public - Info-Sourds de Bruxelles\" \/>\n<meta property=\"og:description\" content=\"Ce service d\u2019\u00e9crivain public fonctionne selon des permanences, ce qui explique qu\u2019aucun num\u00e9ro de t\u00e9l\u00e9phone ou adresse email ne lui soit attribu\u00e9. Les permanences d\u2019\u00e9crivain public se feront SANS rendez-vous (et uniquement en pr\u00e9sentiel) \u00e0 raison de deux demi-journ\u00e9es par semaine. Elles auront lieu tous les mercredis matin ; de 9h \u00e0 12h et jeudis apr\u00e8s-midi de 13h30 \u00e0 16h. Dans un souci de r\u00e9pondre au plus grand nombre de demandes possibles, les entretiens seront limit\u00e9s \u00e0 30-45 minutes par personne.\" \/>\n<meta property=\"og:url\" content=\"https:\/\/www.infosourds.be\/nl\/dienstregeling\/evenement\/openbaar-vertegenwoordiger\" \/>\n<meta property=\"og:site_name\" content=\"Info-Sourds de Bruxelles\" \/>\n<meta property=\"article:publisher\" content=\"https:\/\/www.facebook.com\/InfosourdsdeBxl\" \/>\n<meta property=\"article:modified_time\" content=\"2023-07-18T13:12:54+00:00\" \/>\n<meta name=\"twitter:card\" content=\"summary_large_image\" \/>\n<script type=\"application\/ld+json\" class=\"yoast-schema-graph\">{\"@context\":\"https:\\\/\\\/schema.org\",\"@graph\":[{\"@type\":\"WebPage\",\"@id\":\"https:\\\/\\\/www.infosourds.be\\\/timetable\\\/event\\\/permanences-decrivain-public\",\"url\":\"https:\\\/\\\/www.infosourds.be\\\/timetable\\\/event\\\/permanences-decrivain-public\",\"name\":\"Permanences d\u2019\u00e9crivain public - Info-Sourds de Bruxelles\",\"isPartOf\":{\"@id\":\"https:\\\/\\\/www.infosourds.be\\\/#website\"},\"datePublished\":\"2023-07-08T09:15:24+00:00\",\"dateModified\":\"2023-07-18T13:12:54+00:00\",\"description\":\"Ce service d\u2019\u00e9crivain public fonctionne selon des permanences, ce qui explique qu\u2019aucun num\u00e9ro de t\u00e9l\u00e9phone ou adresse email ne lui soit attribu\u00e9. Les permanences d\u2019\u00e9crivain public se feront SANS rendez-vous (et uniquement en pr\u00e9sentiel) \u00e0 raison de deux demi-journ\u00e9es par semaine. Elles auront lieu tous les mercredis matin ; de 9h \u00e0 12h et jeudis apr\u00e8s-midi de 13h30 \u00e0 16h. Dans un souci de r\u00e9pondre au plus grand nombre de demandes possibles, les entretiens seront limit\u00e9s \u00e0 30-45 minutes par personne.\",\"breadcrumb\":{\"@id\":\"https:\\\/\\\/www.infosourds.be\\\/timetable\\\/event\\\/permanences-decrivain-public#breadcrumb\"},\"inLanguage\":\"nl-BE\",\"potentialAction\":[{\"@type\":\"ReadAction\",\"target\":[\"https:\\\/\\\/www.infosourds.be\\\/timetable\\\/event\\\/permanences-decrivain-public\"]}]},{\"@type\":\"BreadcrumbList\",\"@id\":\"https:\\\/\\\/www.infosourds.be\\\/timetable\\\/event\\\/permanences-decrivain-public#breadcrumb\",\"itemListElement\":[{\"@type\":\"ListItem\",\"position\":1,\"name\":\"Accueil\",\"item\":\"https:\\\/\\\/www.infosourds.be\\\/\"},{\"@type\":\"ListItem\",\"position\":2,\"name\":\"Events\",\"item\":\"https:\\\/\\\/www.infosourds.be\\\/timetable\\\/event\"},{\"@type\":\"ListItem\",\"position\":3,\"name\":\"Permanences d\u2019\u00e9crivain public\"}]},{\"@type\":\"WebSite\",\"@id\":\"https:\\\/\\\/www.infosourds.be\\\/#website\",\"url\":\"https:\\\/\\\/www.infosourds.be\\\/\",\"name\":\"infosourds.be\",\"description\":\"Une personne avant tout\",\"publisher\":{\"@id\":\"https:\\\/\\\/www.infosourds.be\\\/#organization\"},\"potentialAction\":[{\"@type\":\"SearchAction\",\"target\":{\"@type\":\"EntryPoint\",\"urlTemplate\":\"https:\\\/\\\/www.infosourds.be\\\/?s={search_term_string}\"},\"query-input\":{\"@type\":\"PropertyValueSpecification\",\"valueRequired\":true,\"valueName\":\"search_term_string\"}}],\"inLanguage\":\"nl-BE\"},{\"@type\":\"Organization\",\"@id\":\"https:\\\/\\\/www.infosourds.be\\\/#organization\",\"name\":\"Info-Sourds de Bruxelles\",\"url\":\"https:\\\/\\\/www.infosourds.be\\\/\",\"logo\":{\"@type\":\"ImageObject\",\"inLanguage\":\"nl-BE\",\"@id\":\"https:\\\/\\\/www.infosourds.be\\\/#\\\/schema\\\/logo\\\/image\\\/\",\"url\":\"https:\\\/\\\/www.infosourds.be\\\/wp-content\\\/uploads\\\/2023\\\/03\\\/Logo_InfoSourds1.png\",\"contentUrl\":\"https:\\\/\\\/www.infosourds.be\\\/wp-content\\\/uploads\\\/2023\\\/03\\\/Logo_InfoSourds1.png\",\"width\":114,\"height\":121,\"caption\":\"Info-Sourds de Bruxelles\"},\"image\":{\"@id\":\"https:\\\/\\\/www.infosourds.be\\\/#\\\/schema\\\/logo\\\/image\\\/\"},\"sameAs\":[\"https:\\\/\\\/www.facebook.com\\\/InfosourdsdeBxl\",\"https:\\\/\\\/www.instagram.com\\\/infosourds_bxl\\\/\",\"https:\\\/\\\/www.linkedin.com\\\/company\\\/22615107\\\/\"]}]}<\/script>\n<!-- \/ Yoast SEO plugin. -->","yoast_head_json":{"title":"Schrijversbureaus - Info-Sourds de Bruxelles","description":"Deze openbare brievenschrijfdienst werkt op een drop-in basis, daarom is er geen telefoonnummer of e-mailadres toegewezen. Twee dagdelen per week, zonder afspraak (alleen persoonlijk). Deze vinden plaats op woensdagochtend van 9.00 tot 12.00 uur en op donderdagmiddag van 13.30 tot 16.00 uur. Om aan zoveel mogelijk verzoeken te kunnen voldoen, worden de interviews beperkt tot 30-45 minuten per persoon.","robots":{"index":"index","follow":"follow","max-snippet":"max-snippet:-1","max-image-preview":"max-image-preview:large","max-video-preview":"max-video-preview:-1"},"canonical":"https:\/\/www.infosourds.be\/nl\/dienstregeling\/evenement\/openbaar-vertegenwoordiger","og_locale":"nl_BE","og_type":"article","og_title":"Permanences d\u2019\u00e9crivain public - Info-Sourds de Bruxelles","og_description":"Ce service d\u2019\u00e9crivain public fonctionne selon des permanences, ce qui explique qu\u2019aucun num\u00e9ro de t\u00e9l\u00e9phone ou adresse email ne lui soit attribu\u00e9. Les permanences d\u2019\u00e9crivain public se feront SANS rendez-vous (et uniquement en pr\u00e9sentiel) \u00e0 raison de deux demi-journ\u00e9es par semaine. Elles auront lieu tous les mercredis matin ; de 9h \u00e0 12h et jeudis apr\u00e8s-midi de 13h30 \u00e0 16h. Dans un souci de r\u00e9pondre au plus grand nombre de demandes possibles, les entretiens seront limit\u00e9s \u00e0 30-45 minutes par personne.","og_url":"https:\/\/www.infosourds.be\/nl\/dienstregeling\/evenement\/openbaar-vertegenwoordiger","og_site_name":"Info-Sourds de Bruxelles","article_publisher":"https:\/\/www.facebook.com\/InfosourdsdeBxl","article_modified_time":"2023-07-18T13:12:54+00:00","twitter_card":"summary_large_image","schema":{"@context":"https:\/\/schema.org","@graph":[{"@type":"WebPage","@id":"https:\/\/www.infosourds.be\/timetable\/event\/permanences-decrivain-public","url":"https:\/\/www.infosourds.be\/timetable\/event\/permanences-decrivain-public","name":"Schrijversbureaus - Info-Sourds de Bruxelles","isPartOf":{"@id":"https:\/\/www.infosourds.be\/#website"},"datePublished":"2023-07-08T09:15:24+00:00","dateModified":"2023-07-18T13:12:54+00:00","description":"Deze openbare brievenschrijfdienst werkt op een drop-in basis, daarom is er geen telefoonnummer of e-mailadres toegewezen. Twee dagdelen per week, zonder afspraak (alleen persoonlijk). Deze vinden plaats op woensdagochtend van 9.00 tot 12.00 uur en op donderdagmiddag van 13.30 tot 16.00 uur. Om aan zoveel mogelijk verzoeken te kunnen voldoen, worden de interviews beperkt tot 30-45 minuten per persoon.","breadcrumb":{"@id":"https:\/\/www.infosourds.be\/timetable\/event\/permanences-decrivain-public#breadcrumb"},"inLanguage":"nl-BE","potentialAction":[{"@type":"ReadAction","target":["https:\/\/www.infosourds.be\/timetable\/event\/permanences-decrivain-public"]}]},{"@type":"BreadcrumbList","@id":"https:\/\/www.infosourds.be\/timetable\/event\/permanences-decrivain-public#breadcrumb","itemListElement":[{"@type":"ListItem","position":1,"name":"Accueil","item":"https:\/\/www.infosourds.be\/"},{"@type":"ListItem","position":2,"name":"Events","item":"https:\/\/www.infosourds.be\/timetable\/event"},{"@type":"ListItem","position":3,"name":"Permanences d\u2019\u00e9crivain public"}]},{"@type":"WebSite","@id":"https:\/\/www.infosourds.be\/#website","url":"https:\/\/www.infosourds.be\/","name":"infosourds.be","description":"Een persoon boven alles","publisher":{"@id":"https:\/\/www.infosourds.be\/#organization"},"potentialAction":[{"@type":"SearchAction","target":{"@type":"EntryPoint","urlTemplate":"https:\/\/www.infosourds.be\/?s={search_term_string}"},"query-input":{"@type":"PropertyValueSpecification","valueRequired":true,"valueName":"search_term_string"}}],"inLanguage":"nl-BE"},{"@type":"Organization","@id":"https:\/\/www.infosourds.be\/#organization","name":"Info-Sourds de Bruxelles","url":"https:\/\/www.infosourds.be\/","logo":{"@type":"ImageObject","inLanguage":"nl-BE","@id":"https:\/\/www.infosourds.be\/#\/schema\/logo\/image\/","url":"https:\/\/www.infosourds.be\/wp-content\/uploads\/2023\/03\/Logo_InfoSourds1.png","contentUrl":"https:\/\/www.infosourds.be\/wp-content\/uploads\/2023\/03\/Logo_InfoSourds1.png","width":114,"height":121,"caption":"Info-Sourds de Bruxelles"},"image":{"@id":"https:\/\/www.infosourds.be\/#\/schema\/logo\/image\/"},"sameAs":["https:\/\/www.facebook.com\/InfosourdsdeBxl","https:\/\/www.instagram.com\/infosourds_bxl\/","https:\/\/www.linkedin.com\/company\/22615107\/"]}]}},"_links":{"self":[{"href":"https:\/\/www.infosourds.be\/nl\/wp-json\/wp\/v2\/mp-event\/32164","targetHints":{"allow":["GET"]}}],"collection":[{"href":"https:\/\/www.infosourds.be\/nl\/wp-json\/wp\/v2\/mp-event"}],"about":[{"href":"https:\/\/www.infosourds.be\/nl\/wp-json\/wp\/v2\/types\/mp-event"}],"author":[{"embeddable":true,"href":"https:\/\/www.infosourds.be\/nl\/wp-json\/wp\/v2\/users\/10"}],"replies":[{"embeddable":true,"href":"https:\/\/www.infosourds.be\/nl\/wp-json\/wp\/v2\/comments?post=32164"}],"wp:attachment":[{"href":"https:\/\/www.infosourds.be\/nl\/wp-json\/wp\/v2\/media?parent=32164"}],"wp:term":[{"taxonomy":"mp-event_category","embeddable":true,"href":"https:\/\/www.infosourds.be\/nl\/wp-json\/wp\/v2\/mp-event_category?post=32164"},{"taxonomy":"mp-event_tag","embeddable":true,"href":"https:\/\/www.infosourds.be\/nl\/wp-json\/wp\/v2\/mp-event_tag?post=32164"}],"curies":[{"name":"wp","href":"https:\/\/api.w.org\/{rel}","templated":true}]}}

<!-- This site is optimized with the Yoast SEO plugin v27.4 - https://yoast.com/product/yoast-seo-wordpress/ -->
<title>Permanences d’écrivain public - Info-Sourds de Bruxelles</title>
<meta name="description" content="Ce service d’écrivain public fonctionne selon des permanences, ce qui explique qu’aucun numéro de téléphone ou adresse email ne lui soit attribué. Les permanences d’écrivain public se feront SANS rendez-vous (et uniquement en présentiel) à raison de deux demi-journées par semaine. Elles auront lieu tous les mercredis matin ; de 9h à 12h et jeudis après-midi de 13h30 à 16h. Dans un souci de répondre au plus grand nombre de demandes possibles, les entretiens seront limités à 30-45 minutes par personne." />
<meta name="robots" content="index, follow, max-snippet:-1, max-image-preview:large, max-video-preview:-1" />
<link rel="canonical" href="https://www.infosourds.be/nl/dienstregeling/evenement/openbaar-vertegenwoordiger" />
<meta property="og:locale" content="nl_BE" />
<meta property="og:type" content="article" />
<meta property="og:title" content="Permanences d’écrivain public - Info-Sourds de Bruxelles" />
<meta property="og:description" content="Ce service d’écrivain public fonctionne selon des permanences, ce qui explique qu’aucun numéro de téléphone ou adresse email ne lui soit attribué. Les permanences d’écrivain public se feront SANS rendez-vous (et uniquement en présentiel) à raison de deux demi-journées par semaine. Elles auront lieu tous les mercredis matin ; de 9h à 12h et jeudis après-midi de 13h30 à 16h. Dans un souci de répondre au plus grand nombre de demandes possibles, les entretiens seront limités à 30-45 minutes par personne." />
<meta property="og:url" content="https://www.infosourds.be/nl/dienstregeling/evenement/openbaar-vertegenwoordiger" />
<meta property="og:site_name" content="Info-Sourds de Bruxelles" />
<meta property="article:publisher" content="https://www.facebook.com/InfosourdsdeBxl" />
<meta property="article:modified_time" content="2023-07-18T13:12:54+00:00" />
<meta name="twitter:card" content="summary_large_image" />
<script type="application/ld+json" class="yoast-schema-graph">{"@context":"https:\/\/schema.org","@graph":[{"@type":"WebPage","@id":"https:\/\/www.infosourds.be\/timetable\/event\/permanences-decrivain-public","url":"https:\/\/www.infosourds.be\/timetable\/event\/permanences-decrivain-public","name":"Permanences d’écrivain public - Info-Sourds de Bruxelles","isPartOf":{"@id":"https:\/\/www.infosourds.be\/#website"},"datePublished":"2023-07-08T09:15:24+00:00","dateModified":"2023-07-18T13:12:54+00:00","description":"Ce service d’écrivain public fonctionne selon des permanences, ce qui explique qu’aucun numéro de téléphone ou adresse email ne lui soit attribué. Les permanences d’écrivain public se feront SANS rendez-vous (et uniquement en présentiel) à raison de deux demi-journées par semaine. Elles auront lieu tous les mercredis matin ; de 9h à 12h et jeudis après-midi de 13h30 à 16h. Dans un souci de répondre au plus grand nombre de demandes possibles, les entretiens seront limités à 30-45 minutes par personne.","breadcrumb":{"@id":"https:\/\/www.infosourds.be\/timetable\/event\/permanences-decrivain-public#breadcrumb"},"inLanguage":"nl-BE","potentialAction":[{"@type":"ReadAction","target":["https:\/\/www.infosourds.be\/timetable\/event\/permanences-decrivain-public"]}]},{"@type":"BreadcrumbList","@id":"https:\/\/www.infosourds.be\/timetable\/event\/permanences-decrivain-public#breadcrumb","itemListElement":[{"@type":"ListItem","position":1,"name":"Accueil","item":"https:\/\/www.infosourds.be\/"},{"@type":"ListItem","position":2,"name":"Events","item":"https:\/\/www.infosourds.be\/timetable\/event"},{"@type":"ListItem","position":3,"name":"Permanences d’écrivain public"}]},{"@type":"WebSite","@id":"https:\/\/www.infosourds.be\/#website","url":"https:\/\/www.infosourds.be\/","name":"infosourds.be","description":"Une personne avant tout","publisher":{"@id":"https:\/\/www.infosourds.be\/#organization"},"potentialAction":[{"@type":"SearchAction","target":{"@type":"EntryPoint","urlTemplate":"https:\/\/www.infosourds.be\/?s={search_term_string}"},"query-input":{"@type":"PropertyValueSpecification","valueRequired":true,"valueName":"search_term_string"}}],"inLanguage":"nl-BE"},{"@type":"Organization","@id":"https:\/\/www.infosourds.be\/#organization","name":"Info-Sourds de Bruxelles","url":"https:\/\/www.infosourds.be\/","logo":{"@type":"ImageObject","inLanguage":"nl-BE","@id":"https:\/\/www.infosourds.be\/#\/schema\/logo\/image\/","url":"https:\/\/www.infosourds.be\/wp-content\/uploads\/2023\/03\/Logo_InfoSourds1.png","contentUrl":"https:\/\/www.infosourds.be\/wp-content\/uploads\/2023\/03\/Logo_InfoSourds1.png","width":114,"height":121,"caption":"Info-Sourds de Bruxelles"},"image":{"@id":"https:\/\/www.infosourds.be\/#\/schema\/logo\/image\/"},"sameAs":["https:\/\/www.facebook.com\/InfosourdsdeBxl","https:\/\/www.instagram.com\/infosourds_bxl\/","https:\/\/www.linkedin.com\/company\/22615107\/"]}]}</script>
<!-- / Yoast SEO plugin. -->

Permanences d’écrivain public - Info-Sourds de Bruxelles

Ce service d’écrivain public fonctionne selon des permanences, ce qui explique qu’aucun numéro de téléphone ou adresse email ne lui soit attribué. Les permanences d’écrivain public se feront SANS rendez-vous (et uniquement en présentiel) à raison de deux demi-journées par semaine. Elles auront lieu tous les mercredis matin ; de 9h à 12h et jeudis après-midi de 13h30 à 16h. Dans un souci de répondre au plus grand nombre de demandes possibles, les entretiens seront limités à 30-45 minutes par personne.

Permanences d’écrivain public
